{"id":2065,"date":"2016-05-06T09:40:34","date_gmt":"2016-05-06T07:40:34","guid":{"rendered":"http:\/\/novalimglutenfree.com\/obchod\/promix-t\/"},"modified":"2016-05-17T22:18:38","modified_gmt":"2016-05-17T20:18:38","slug":"promix-t-universale-glutenfreie-dunkle-mehlmischung","status":"publish","type":"product","link":"https:\/\/www.novalimglutenfree.com\/de\/obchod\/mehl-de\/glutenfreie-mehlmischungen-de\/promix-t-universale-glutenfreie-dunkle-mehlmischung\/","title":{"rendered":"PROMIX -T universale glutenfreie dunkle Mehlmischung"},"content":{"rendered":"<div id=\"Layer5\" class=\"bodystyle\">\n<div id=\"Layer5\" class=\"bodystyle\">\n<div id=\"Layer5\" class=\"bodystyle\">\n<div id=\"Layer5\" class=\"bodystyle\"><strong>PROMIX \u00ae-T<\/strong> &#8211; Universale glutenfreie dunkle Mehlmischung\u00a0 mit dunklen edlen Naturmaterialien und weichem Fruchtfleisch bereichert. Es ist so konzipiert, um glutenfreie dunkles Brot, Geb\u00e4ck vorzubereiten sowie f\u00fcr die normale t\u00e4gliche Verwendung in der K\u00fcche.<\/p>\n<p>Verpackung: 1 kg<\/p>\n<\/div>\n<\/div>\n<\/div>\n<\/div>\n<p>\u00a0<\/p>\n<h4>Product Information:<\/h4>\n<div id=\"Layer1\" class=\"bodystyle\">\n<div id=\"Layer1\" class=\"bodystyle\">\n<div id=\"Layer1\" class=\"bodystyle\">\n<div id=\"Layer1\" class=\"bodystyle\">\n<div id=\"Layer1\" class=\"bodystyle\">\n<div id=\"Layer1\" class=\"bodystyle\"><strong>Zutaten:<\/strong><br \/> Kartoffelst\u00e4rke, Maisst\u00e4rke, Reismehl, modifizierte Maisst\u00e4rke, Kartoffelmehl, Apfelfaser, Buchweizenmehl, Verdickungsmittel: Guarkernmehl und E466, Emulgator E471<\/p>\n<p><strong>100 g des Produktes enthalten durchschnittlich:<\/strong><br \/> 2,0 g Protein, 88,0 Gramm Kohlenhydrate und 1,0 g Fett<\/p>\n<p><strong>Energie:<\/strong> 15791 kJ; 377,8 kcal<\/p>\n<\/div>\n<\/div>\n<\/div>\n<\/div>\n<\/div>\n<\/div>\n","protected":false},"excerpt":{"rendered":"<p>Universale glutenfreie dunkle Mehlmischung\u00a0 mit dunklen edlen Naturmaterialien und weichem Fruchtfleisch bereichert. Es ist so konzipiert, um glutenfreie dunkles Brot, Geb\u00e4ck vorzubereiten sowie f\u00fcr die normale t\u00e4gliche Verwendung in der K\u00fcche.\u00a0<\/p>\n","protected":false},"featured_media":2066,"comment_status":"closed","ping_status":"closed","template":"","meta":[],"yoast_head":"<!-- This site is optimized with the Yoast SEO plugin v15.7 - https:\/\/yoast.com\/wordpress\/plugins\/seo\/ -->\n<title>PROMIX -T universale glutenfreie dunkle Mehlmischung - Novalim<\/title>\n<meta name=\"robots\" content=\"index, follow, max-snippet:-1, max-image-preview:large, max-video-preview:-1\" \/>\n<link rel=\"canonical\" href=\"https:\/\/www.novalimglutenfree.com\/de\/obchod\/mehl-de\/glutenfreie-mehlmischungen-de\/promix-t-universale-glutenfreie-dunkle-mehlmischung\/\" \/>\n<meta property=\"og:locale\" content=\"de_DE\" \/>\n<meta property=\"og:type\" content=\"article\" \/>\n<meta property=\"og:title\" content=\"PROMIX -T universale glutenfreie dunkle Mehlmischung - Novalim\" \/>\n<meta property=\"og:description\" content=\"Universale glutenfreie dunkle Mehlmischung\u00a0 mit dunklen edlen Naturmaterialien und weichem Fruchtfleisch bereichert. Es ist so konzipiert, um glutenfreie dunkles Brot, Geb\u00e4ck vorzubereiten sowie f\u00fcr die normale t\u00e4gliche Verwendung in der K\u00fcche.\u00a0\" \/>\n<meta property=\"og:url\" content=\"https:\/\/www.novalimglutenfree.com\/de\/obchod\/mehl-de\/glutenfreie-mehlmischungen-de\/promix-t-universale-glutenfreie-dunkle-mehlmischung\/\" \/>\n<meta property=\"og:site_name\" content=\"Novalim\" \/>\n<meta property=\"article:modified_time\" content=\"2016-05-17T20:18:38+00:00\" \/>\n<meta property=\"og:image\" content=\"https:\/\/www.novalimglutenfree.com\/wp-content\/uploads\/2016\/05\/Promix_T.jpg\" \/>\n\t<meta property=\"og:image:width\" content=\"413\" \/>\n\t<meta property=\"og:image:height\" content=\"618\" \/>\n<meta name=\"twitter:card\" content=\"summary\" \/>\n<script type=\"application\/ld+json\" class=\"yoast-schema-graph\">{\"@context\":\"https:\/\/schema.org\",\"@graph\":[{\"@type\":\"WebSite\",\"@id\":\"https:\/\/www.novalimglutenfree.com\/de\/#website\",\"url\":\"https:\/\/www.novalimglutenfree.com\/de\/\",\"name\":\"Novalim\",\"description\":\"Bezlepkov\\u00e9 potraviny, bezlepkov\\u00e9 recepty, celiakia, PKU\",\"potentialAction\":[{\"@type\":\"SearchAction\",\"target\":\"https:\/\/www.novalimglutenfree.com\/de\/?s={search_term_string}\",\"query-input\":\"required name=search_term_string\"}],\"inLanguage\":\"de-DE\"},{\"@type\":\"ImageObject\",\"@id\":\"https:\/\/www.novalimglutenfree.com\/de\/obchod\/mehl-de\/glutenfreie-mehlmischungen-de\/promix-t-universale-glutenfreie-dunkle-mehlmischung\/#primaryimage\",\"inLanguage\":\"de-DE\",\"url\":\"https:\/\/www.novalimglutenfree.com\/wp-content\/uploads\/2016\/05\/Promix_T.jpg\",\"width\":413,\"height\":618},{\"@type\":\"WebPage\",\"@id\":\"https:\/\/www.novalimglutenfree.com\/de\/obchod\/mehl-de\/glutenfreie-mehlmischungen-de\/promix-t-universale-glutenfreie-dunkle-mehlmischung\/#webpage\",\"url\":\"https:\/\/www.novalimglutenfree.com\/de\/obchod\/mehl-de\/glutenfreie-mehlmischungen-de\/promix-t-universale-glutenfreie-dunkle-mehlmischung\/\",\"name\":\"PROMIX -T universale glutenfreie dunkle Mehlmischung - Novalim\",\"isPartOf\":{\"@id\":\"https:\/\/www.novalimglutenfree.com\/de\/#website\"},\"primaryImageOfPage\":{\"@id\":\"https:\/\/www.novalimglutenfree.com\/de\/obchod\/mehl-de\/glutenfreie-mehlmischungen-de\/promix-t-universale-glutenfreie-dunkle-mehlmischung\/#primaryimage\"},\"datePublished\":\"2016-05-06T07:40:34+00:00\",\"dateModified\":\"2016-05-17T20:18:38+00:00\",\"inLanguage\":\"de-DE\",\"potentialAction\":[{\"@type\":\"ReadAction\",\"target\":[\"https:\/\/www.novalimglutenfree.com\/de\/obchod\/mehl-de\/glutenfreie-mehlmischungen-de\/promix-t-universale-glutenfreie-dunkle-mehlmischung\/\"]}]}]}<\/script>\n<!-- \/ Yoast SEO plugin. -->","_links":{"self":[{"href":"https:\/\/www.novalimglutenfree.com\/de\/wp-json\/wp\/v2\/product\/2065"}],"collection":[{"href":"https:\/\/www.novalimglutenfree.com\/de\/wp-json\/wp\/v2\/product"}],"about":[{"href":"https:\/\/www.novalimglutenfree.com\/de\/wp-json\/wp\/v2\/types\/product"}],"replies":[{"embeddable":true,"href":"https:\/\/www.novalimglutenfree.com\/de\/wp-json\/wp\/v2\/comments?post=2065"}],"version-history":[{"count":0,"href":"https:\/\/www.novalimglutenfree.com\/de\/wp-json\/wp\/v2\/product\/2065\/revisions"}],"wp:featuredmedia":[{"embeddable":true,"href":"https:\/\/www.novalimglutenfree.com\/de\/wp-json\/wp\/v2\/media\/2066"}],"wp:attachment":[{"href":"https:\/\/www.novalimglutenfree.com\/de\/wp-json\/wp\/v2\/media?parent=2065"}],"curies":[{"name":"wp","href":"https:\/\/api.w.org\/{rel}","templated":true}]}}

<div id="Layer5" class="bodystyle">
<div id="Layer5" class="bodystyle">
<div id="Layer5" class="bodystyle">
<div id="Layer5" class="bodystyle"><strong>PROMIX ®-T</strong> &#8211; Universale glutenfreie dunkle Mehlmischung  mit dunklen edlen Naturmaterialien und weichem Fruchtfleisch bereichert. Es ist so konzipiert, um glutenfreie dunkles Brot, Gebäck vorzubereiten sowie für die normale tägliche Verwendung in der Küche.</p>
<p>Verpackung: 1 kg</p>
</div>
</div>
</div>
</div>
<p> </p>
<h4>Product Information:</h4>
<div id="Layer1" class="bodystyle">
<div id="Layer1" class="bodystyle">
<div id="Layer1" class="bodystyle">
<div id="Layer1" class="bodystyle">
<div id="Layer1" class="bodystyle">
<div id="Layer1" class="bodystyle"><strong>Zutaten:</strong><br /> Kartoffelstärke, Maisstärke, Reismehl, modifizierte Maisstärke, Kartoffelmehl, Apfelfaser, Buchweizenmehl, Verdickungsmittel: Guarkernmehl und E466, Emulgator E471</p>
<p><strong>100 g des Produktes enthalten durchschnittlich:</strong><br /> 2,0 g Protein, 88,0 Gramm Kohlenhydrate und 1,0 g Fett</p>
<p><strong>Energie:</strong> 15791 kJ; 377,8 kcal</p>
</div>
</div>
</div>
</div>
</div>
</div>

<p>Universale glutenfreie dunkle Mehlmischung  mit dunklen edlen Naturmaterialien und weichem Fruchtfleisch bereichert. Es ist so konzipiert, um glutenfreie dunkles Brot, Gebäck vorzubereiten sowie für die normale tägliche Verwendung in der Küche. </p>

<!-- This site is optimized with the Yoast SEO plugin v15.7 - https://yoast.com/wordpress/plugins/seo/ -->
<title>PROMIX -T universale glutenfreie dunkle Mehlmischung - Novalim</title>
<meta name="robots" content="index, follow, max-snippet:-1, max-image-preview:large, max-video-preview:-1" />
<link rel="canonical" href="https://www.novalimglutenfree.com/de/obchod/mehl-de/glutenfreie-mehlmischungen-de/promix-t-universale-glutenfreie-dunkle-mehlmischung/" />
<meta property="og:locale" content="de_DE" />
<meta property="og:type" content="article" />
<meta property="og:title" content="PROMIX -T universale glutenfreie dunkle Mehlmischung - Novalim" />
<meta property="og:description" content="Universale glutenfreie dunkle Mehlmischung  mit dunklen edlen Naturmaterialien und weichem Fruchtfleisch bereichert. Es ist so konzipiert, um glutenfreie dunkles Brot, Gebäck vorzubereiten sowie für die normale tägliche Verwendung in der Küche. " />
<meta property="og:url" content="https://www.novalimglutenfree.com/de/obchod/mehl-de/glutenfreie-mehlmischungen-de/promix-t-universale-glutenfreie-dunkle-mehlmischung/" />
<meta property="og:site_name" content="Novalim" />
<meta property="article:modified_time" content="2016-05-17T20:18:38+00:00" />
<meta property="og:image" content="https://www.novalimglutenfree.com/wp-content/uploads/2016/05/Promix_T.jpg" />
	<meta property="og:image:width" content="413" />
	<meta property="og:image:height" content="618" />
<meta name="twitter:card" content="summary" />
<script type="application/ld+json" class="yoast-schema-graph">{"@context":"https://schema.org","@graph":[{"@type":"WebSite","@id":"https://www.novalimglutenfree.com/de/#website","url":"https://www.novalimglutenfree.com/de/","name":"Novalim","description":"Bezlepkov\u00e9 potraviny, bezlepkov\u00e9 recepty, celiakia, PKU","potentialAction":[{"@type":"SearchAction","target":"https://www.novalimglutenfree.com/de/?s={search_term_string}","query-input":"required name=search_term_string"}],"inLanguage":"de-DE"},{"@type":"ImageObject","@id":"https://www.novalimglutenfree.com/de/obchod/mehl-de/glutenfreie-mehlmischungen-de/promix-t-universale-glutenfreie-dunkle-mehlmischung/#primaryimage","inLanguage":"de-DE","url":"https://www.novalimglutenfree.com/wp-content/uploads/2016/05/Promix_T.jpg","width":413,"height":618},{"@type":"WebPage","@id":"https://www.novalimglutenfree.com/de/obchod/mehl-de/glutenfreie-mehlmischungen-de/promix-t-universale-glutenfreie-dunkle-mehlmischung/#webpage","url":"https://www.novalimglutenfree.com/de/obchod/mehl-de/glutenfreie-mehlmischungen-de/promix-t-universale-glutenfreie-dunkle-mehlmischung/","name":"PROMIX -T universale glutenfreie dunkle Mehlmischung - Novalim","isPartOf":{"@id":"https://www.novalimglutenfree.com/de/#website"},"primaryImageOfPage":{"@id":"https://www.novalimglutenfree.com/de/obchod/mehl-de/glutenfreie-mehlmischungen-de/promix-t-universale-glutenfreie-dunkle-mehlmischung/#primaryimage"},"datePublished":"2016-05-06T07:40:34+00:00","dateModified":"2016-05-17T20:18:38+00:00","inLanguage":"de-DE","potentialAction":[{"@type":"ReadAction","target":["https://www.novalimglutenfree.com/de/obchod/mehl-de/glutenfreie-mehlmischungen-de/promix-t-universale-glutenfreie-dunkle-mehlmischung/"]}]}]}</script>
<!-- / Yoast SEO plugin. -->
